{"id":3529,"date":"2024-05-16T14:43:35","date_gmt":"2024-05-16T13:43:35","guid":{"rendered":"https:\/\/studiophantom.fr\/?page_id=3529"},"modified":"2024-05-24T08:30:35","modified_gmt":"2024-05-24T07:30:35","slug":"le-sound-truck","status":"publish","type":"page","link":"https:\/\/studiophantom.fr\/?page_id=3529","title":{"rendered":"LE SOUND TRUCK"},"content":{"rendered":"\t\t<div data-elementor-type=\"wp-page\" data-elementor-id=\"3529\" class=\"elementor elementor-3529\" data-elementor-post-type=\"page\">\n\t\t\t\t\t\t<section class=\"elementor-section elementor-top-section elementor-element elementor-element-5df1e66 elementor-section-boxed elementor-section-height-default elementor-section-height-default\" data-id=\"5df1e66\" data-element_type=\"section\">\n\t\t\t\t\t\t<div class=\"elementor-container elementor-column-gap-default\">\n\t\t\t\t\t<div class=\"elementor-column elementor-col-100 elementor-top-column elementor-element elementor-element-7701298\" data-id=\"7701298\" data-element_type=\"column\">\n\t\t\t<div class=\"elementor-widget-wrap\">\n\t\t\t\t\t\t\t<\/div>\n\t\t<\/div>\n\t\t\t\t\t<\/div>\n\t\t<\/section>\n\t\t\t\t<section class=\"elementor-section elementor-top-section elementor-element elementor-element-661a2f1 elementor-section-boxed elementor-section-height-default elementor-section-height-default\" data-id=\"661a2f1\" data-element_type=\"section\" data-settings=\"{&quot;background_background&quot;:&quot;classic&quot;}\">\n\t\t\t\t\t\t<div class=\"elementor-container elementor-column-gap-default\">\n\t\t\t\t\t<div class=\"elementor-column elementor-col-100 elementor-top-column elementor-element elementor-element-c1ec992\" data-id=\"c1ec992\" data-element_type=\"column\">\n\t\t\t<div class=\"elementor-widget-wrap elementor-element-populated\">\n\t\t\t\t\t\t<div class=\"elementor-element elementor-element-8b80df3 elementor-widget elementor-widget-heading\" data-id=\"8b80df3\" data-element_type=\"widget\" data-widget_type=\"heading.default\">\n\t\t\t\t<div class=\"elementor-widget-container\">\n\t\t\t\t\t<h2 class=\"elementor-heading-title elementor-size-default\">LE SOUND TRUCK<\/h2>\t\t\t\t<\/div>\n\t\t\t\t<\/div>\n\t\t\t\t<div class=\"elementor-element elementor-element-2c6e447 elementor-widget elementor-widget-text-editor\" data-id=\"2c6e447\" data-element_type=\"widget\" data-widget_type=\"text-editor.default\">\n\t\t\t\t<div class=\"elementor-widget-container\">\n\t\t\t\t\t\t\t\t\t<p>Enregistrement, soutien \u00e0 un artiste ou groupe.<\/p>\t\t\t\t\t\t\t\t<\/div>\n\t\t\t\t<\/div>\n\t\t\t\t\t<\/div>\n\t\t<\/div>\n\t\t\t\t\t<\/div>\n\t\t<\/section>\n\t\t\t\t<section class=\"elementor-section elementor-top-section elementor-element elementor-element-51c4b60 elementor-section-boxed elementor-section-height-default elementor-section-height-default\" data-id=\"51c4b60\" data-element_type=\"section\" data-settings=\"{&quot;background_background&quot;:&quot;classic&quot;}\">\n\t\t\t\t\t\t<div class=\"elementor-container elementor-column-gap-default\">\n\t\t\t\t\t<div class=\"elementor-column elementor-col-50 elementor-top-column elementor-element elementor-element-47cc2a3\" data-id=\"47cc2a3\" data-element_type=\"column\">\n\t\t\t<div class=\"elementor-widget-wrap elementor-element-populated\">\n\t\t\t\t\t\t<div class=\"elementor-element elementor-element-ccce468 elementor-widget elementor-widget-e_image_hover_effects\" data-id=\"ccce468\" data-element_type=\"widget\" data-widget_type=\"e_image_hover_effects.default\">\n\t\t\t\t<div class=\"elementor-widget-container\">\n\t\t\t\t\t\t\t\t<div class=\"eihe-box eihe-blur eihe_\">\n\t\t\t\t<img fetchpriority=\"high\" decoding=\"async\" width=\"1644\" height=\"2560\" src=\"https:\/\/studiophantom.fr\/wp-content\/uploads\/2023\/02\/Mobil-home-studio-11-scaled.jpg\" class=\"attachment-full size-full wp-image-1539\" alt=\"\" srcset=\"https:\/\/studiophantom.fr\/wp-content\/uploads\/2023\/02\/Mobil-home-studio-11-scaled.jpg 1644w, https:\/\/studiophantom.fr\/wp-content\/uploads\/2023\/02\/Mobil-home-studio-11-193x300.jpg 193w, https:\/\/studiophantom.fr\/wp-content\/uploads\/2023\/02\/Mobil-home-studio-11-658x1024.jpg 658w, https:\/\/studiophantom.fr\/wp-content\/uploads\/2023\/02\/Mobil-home-studio-11-768x1196.jpg 768w, https:\/\/studiophantom.fr\/wp-content\/uploads\/2023\/02\/Mobil-home-studio-11-987x1536.jpg 987w, https:\/\/studiophantom.fr\/wp-content\/uploads\/2023\/02\/Mobil-home-studio-11-1315x2048.jpg 1315w, https:\/\/studiophantom.fr\/wp-content\/uploads\/2023\/02\/Mobil-home-studio-11-1568x2441.jpg 1568w\" sizes=\"(max-width: 1644px) 100vw, 1644px\" style=\"width:100%;height:155.72%;max-width:1644px;\" \/>\t\t\t\t<div class=\"eihe-caption\">\n\t\t\t\t\t<div class=\"eihe-title-cover\">\n\t\t\t\t\t\t\t\t\t\t\t\t<h3 class=\"eihe-title\">SOUND TRUCK<\/h3>\n\t\t\t\t\t\t\t\t\t\t\t<\/div>\n\t\t\t\t\t<p>CONSTRUCTION <\/p>\n\t\t\t\t<\/div>\n\t\t\t<\/div>\n\t\t\t\t\t\t<\/div>\n\t\t\t\t<\/div>\n\t\t\t\t<div class=\"elementor-element elementor-element-750fd97 elementor-widget elementor-widget-e_image_hover_effects\" data-id=\"750fd97\" data-element_type=\"widget\" data-widget_type=\"e_image_hover_effects.default\">\n\t\t\t\t<div class=\"elementor-widget-container\">\n\t\t\t\t\t\t\t\t<div class=\"eihe-box eihe-reveal-left eihe_\">\n\t\t\t\t<img decoding=\"async\" width=\"2560\" height=\"1707\" src=\"https:\/\/studiophantom.fr\/wp-content\/uploads\/2024\/03\/Studio_1-scaled.jpg\" class=\"attachment-full size-full wp-image-3415\" alt=\"\" srcset=\"https:\/\/studiophantom.fr\/wp-content\/uploads\/2024\/03\/Studio_1-scaled.jpg 2560w, https:\/\/studiophantom.fr\/wp-content\/uploads\/2024\/03\/Studio_1-300x200.jpg 300w, https:\/\/studiophantom.fr\/wp-content\/uploads\/2024\/03\/Studio_1-1024x683.jpg 1024w, https:\/\/studiophantom.fr\/wp-content\/uploads\/2024\/03\/Studio_1-768x512.jpg 768w, https:\/\/studiophantom.fr\/wp-content\/uploads\/2024\/03\/Studio_1-1536x1024.jpg 1536w, https:\/\/studiophantom.fr\/wp-content\/uploads\/2024\/03\/Studio_1-2048x1365.jpg 2048w, https:\/\/studiophantom.fr\/wp-content\/uploads\/2024\/03\/Studio_1-1568x1045.jpg 1568w\" sizes=\"(max-width: 2560px) 100vw, 2560px\" style=\"width:100%;height:66.68%;max-width:2560px;\" \/>\t\t\t\t<div class=\"eihe-caption\">\n\t\t\t\t\t<div class=\"eihe-title-cover\">\n\t\t\t\t\t\t\t\t\t\t\t\t<h3 class=\"eihe-title\">SOUND TRUCK <\/h3>\n\t\t\t\t\t\t\t\t\t\t\t<\/div>\n\t\t\t\t\t<p>ENREGISTREMENT VOIX<\/p>\n\t\t\t\t<\/div>\n\t\t\t<\/div>\n\t\t\t\t\t\t<\/div>\n\t\t\t\t<\/div>\n\t\t\t\t\t<\/div>\n\t\t<\/div>\n\t\t\t\t<div class=\"elementor-column elementor-col-50 elementor-top-column elementor-element elementor-element-8c5ce10\" data-id=\"8c5ce10\" data-element_type=\"column\">\n\t\t\t<div class=\"elementor-widget-wrap elementor-element-populated\">\n\t\t\t\t\t\t<div class=\"elementor-element elementor-element-fc3a158 elementor-widget elementor-widget-text-editor\" data-id=\"fc3a158\" data-element_type=\"widget\" data-widget_type=\"text-editor.default\">\n\t\t\t\t<div class=\"elementor-widget-container\">\n\t\t\t\t\t\t\t\t\t<p style=\"font-family: Dosis, sans-serif; letter-spacing: -0.6px;\"><span id=\"p21\">Le\u00a0<span id=\"24\">sound<\/span> truck a pour but de venir en soutien \u00e0 un artiste ou groupe.<\/span><span id=\"p22\"> Il ambitionne de cr\u00e9er un album, EP ou maquette qui viendra accompagner l\u2019artiste dans sa d\u00e9marche de cr\u00e9ation.<\/span><span id=\"p23\">\u00a0<\/span><\/p><p style=\"font-family: Dosis, sans-serif; letter-spacing: -0.6px;\"><span id=\"p24\">En me posant les r\u00e9flexions suivantes :<\/span><\/p><p style=\"font-family: Dosis, sans-serif; letter-spacing: -0.6px;\"><span id=\"p65\">\u2013<\/span><span id=\"p66\">\u00a0\u00a0Pourquoi ?<\/span><\/p><p style=\"font-family: Dosis, sans-serif; letter-spacing: -0.6px;\"><span id=\"p67\">\u2013<\/span><span id=\"p68\">\u00a0Comment ?<\/span><\/p><p style=\"font-family: Dosis, sans-serif; letter-spacing: -0.6px;\"><span id=\"p69\">\u2013<\/span><span id=\"p70\">\u00a0\u00a0<span id=\"79\" class=\"s-rg-t\">Ou<\/span>\u00a0?<\/span><\/p><p style=\"font-family: Dosis, sans-serif; letter-spacing: -0.6px;\"><span id=\"p71\">Le\u00a0<span id=\"80\" class=\"s-rg-t\">sound<\/span>\u00a0truck\u00a0est n\u00e9<\/span><span id=\"p72\">\u00a0lors de l\u2019enregistrement de\u00a0<span id=\"81\" class=\"s-rg-t\">Duncarse<\/span>\u00a0de\u00a0<span id=\"82\" class=\"s-rg-t\">Sickness<\/span>, mon besoin, d\u2019enregistrer des d\u00e9mos pour l\u2019album se faisait de plus en plus grand.<\/span><span id=\"p73\">\u00a0D\u2019autres projets d\u00e9but\u00e8rent dans la m\u00eame ann\u00e9e.<\/span><span id=\"p74\">\u00a0Web-s\u00e9rie, clips, banque de sample.<\/span><span id=\"p75\">\u00a0C\u2019est \u00e0 ce moment que j\u2019ai commenc\u00e9 \u00e0 concevoir mon parc de micro.<\/span><span id=\"p76\">Par la suite, j\u2019ai eu l\u2019id\u00e9e de reproduire un mini studio amovible.<\/span><span id=\"p77\">En partant sur mes principes \u00e9cologiques, je suis parti d\u2019une base existante de paravents trouv\u00e9s dans des vides-greniers.<\/span><span id=\"p78\">\u00a0<\/span><\/p>\t\t\t\t\t\t\t\t<\/div>\n\t\t\t\t<\/div>\n\t\t\t\t\t<\/div>\n\t\t<\/div>\n\t\t\t\t\t<\/div>\n\t\t<\/section>\n\t\t\t\t<section class=\"elementor-section elementor-top-section elementor-element elementor-element-d98111b elementor-section-boxed elementor-section-height-default elementor-section-height-default\" data-id=\"d98111b\" data-element_type=\"section\" data-settings=\"{&quot;background_background&quot;:&quot;classic&quot;}\">\n\t\t\t\t\t\t<div class=\"elementor-container elementor-column-gap-default\">\n\t\t\t\t\t<div class=\"elementor-column elementor-col-50 elementor-top-column elementor-element elementor-element-dc156cf\" data-id=\"dc156cf\" data-element_type=\"column\">\n\t\t\t<div class=\"elementor-widget-wrap elementor-element-populated\">\n\t\t\t\t\t\t<div class=\"elementor-element elementor-element-aa80924 elementor-widget elementor-widget-text-editor\" data-id=\"aa80924\" data-element_type=\"widget\" data-widget_type=\"text-editor.default\">\n\t\t\t\t<div class=\"elementor-widget-container\">\n\t\t\t\t\t\t\t\t\t<p><span id=\"p1\" style=\"font-family: Montserrat, sans-serif; letter-spacing: -0.6px;\">Le&nbsp;<span id=\"6\">sound<\/span>&nbsp;truck a pour but de venir en soutien \u00e0 un artiste, groupe, entreprises pour un enregistrement&nbsp;<span id=\"p0\">(maquette,&nbsp;<span id=\"4\">ep<\/span>, podcast,&nbsp;<span id=\"5\">web-s\u00e9rie<\/span>)<\/span>.<\/span><span id=\"p2\" style=\"font-family: Montserrat, sans-serif; letter-spacing: -0.6px;\">&nbsp;Il ambitionne une production qui viendra accompagner une d\u00e9marche de cr\u00e9ation, sensibilisant \u00e0 son univers.<\/span><span id=\"p3\" style=\"font-family: Montserrat, sans-serif; letter-spacing: -0.6px;\">&nbsp;<\/span><br><\/p>\t\t\t\t\t\t\t\t<\/div>\n\t\t\t\t<\/div>\n\t\t\t\t<div class=\"elementor-element elementor-element-7ecf7c6 elementor-widget-divider--view-line elementor-widget elementor-widget-divider\" data-id=\"7ecf7c6\" data-element_type=\"widget\" data-widget_type=\"divider.default\">\n\t\t\t\t<div class=\"elementor-widget-container\">\n\t\t\t\t\t\t\t<div class=\"elementor-divider\">\n\t\t\t<span class=\"elementor-divider-separator\">\n\t\t\t\t\t\t<\/span>\n\t\t<\/div>\n\t\t\t\t\t\t<\/div>\n\t\t\t\t<\/div>\n\t\t\t\t<div class=\"elementor-element elementor-element-cf77565 elementor-widget elementor-widget-e_image_hover_effects\" data-id=\"cf77565\" data-element_type=\"widget\" data-widget_type=\"e_image_hover_effects.default\">\n\t\t\t\t<div class=\"elementor-widget-container\">\n\t\t\t\t\t\t\t\t<div class=\"eihe-box eihe-fade-in-up eihe_\">\n\t\t\t\t<img decoding=\"async\" width=\"1896\" height=\"2560\" src=\"https:\/\/studiophantom.fr\/wp-content\/uploads\/2023\/02\/Mobil_home_studio_2-scaled.jpg\" class=\"attachment-full size-full wp-image-1522\" alt=\"\" srcset=\"https:\/\/studiophantom.fr\/wp-content\/uploads\/2023\/02\/Mobil_home_studio_2-scaled.jpg 1896w, https:\/\/studiophantom.fr\/wp-content\/uploads\/2023\/02\/Mobil_home_studio_2-222x300.jpg 222w, https:\/\/studiophantom.fr\/wp-content\/uploads\/2023\/02\/Mobil_home_studio_2-759x1024.jpg 759w, https:\/\/studiophantom.fr\/wp-content\/uploads\/2023\/02\/Mobil_home_studio_2-768x1037.jpg 768w, https:\/\/studiophantom.fr\/wp-content\/uploads\/2023\/02\/Mobil_home_studio_2-1138x1536.jpg 1138w, https:\/\/studiophantom.fr\/wp-content\/uploads\/2023\/02\/Mobil_home_studio_2-1517x2048.jpg 1517w, https:\/\/studiophantom.fr\/wp-content\/uploads\/2023\/02\/Mobil_home_studio_2-1568x2117.jpg 1568w\" sizes=\"(max-width: 1896px) 100vw, 1896px\" style=\"width:100%;height:135.02%;max-width:1896px;\" \/>\t\t\t\t<div class=\"eihe-caption\">\n\t\t\t\t\t<div class=\"eihe-title-cover\">\n\t\t\t\t\t\t\t\t\t\t\t\t<h3 class=\"eihe-title\">SOUND TRUCK<\/h3>\n\t\t\t\t\t\t\t\t\t\t\t<\/div>\n\t\t\t\t\t<p>ENREGISTREMENT BATTERIE <\/p>\n\t\t\t\t<\/div>\n\t\t\t<\/div>\n\t\t\t\t\t\t<\/div>\n\t\t\t\t<\/div>\n\t\t\t\t\t<\/div>\n\t\t<\/div>\n\t\t\t\t<div class=\"elementor-column elementor-col-50 elementor-top-column elementor-element elementor-element-d375eb8\" data-id=\"d375eb8\" data-element_type=\"column\">\n\t\t\t<div class=\"elementor-widget-wrap elementor-element-populated\">\n\t\t\t\t\t\t<div class=\"elementor-element elementor-element-5e697f0 elementor-widget elementor-widget-e_image_hover_effects\" data-id=\"5e697f0\" data-element_type=\"widget\" data-widget_type=\"e_image_hover_effects.default\">\n\t\t\t\t<div class=\"elementor-widget-container\">\n\t\t\t\t\t\t\t\t<div class=\"eihe-box eihe-hinge-up eihe_\">\n\t\t\t\t<img loading=\"lazy\" decoding=\"async\" width=\"2560\" height=\"1707\" src=\"https:\/\/studiophantom.fr\/wp-content\/uploads\/2024\/03\/Studio_4-scaled.jpg\" class=\"attachment-full size-full wp-image-3418\" alt=\"\" srcset=\"https:\/\/studiophantom.fr\/wp-content\/uploads\/2024\/03\/Studio_4-scaled.jpg 2560w, https:\/\/studiophantom.fr\/wp-content\/uploads\/2024\/03\/Studio_4-300x200.jpg 300w, https:\/\/studiophantom.fr\/wp-content\/uploads\/2024\/03\/Studio_4-1024x683.jpg 1024w, https:\/\/studiophantom.fr\/wp-content\/uploads\/2024\/03\/Studio_4-768x512.jpg 768w, https:\/\/studiophantom.fr\/wp-content\/uploads\/2024\/03\/Studio_4-1536x1024.jpg 1536w, https:\/\/studiophantom.fr\/wp-content\/uploads\/2024\/03\/Studio_4-2048x1365.jpg 2048w, https:\/\/studiophantom.fr\/wp-content\/uploads\/2024\/03\/Studio_4-1568x1045.jpg 1568w\" sizes=\"(max-width: 2560px) 100vw, 2560px\" style=\"width:100%;height:66.68%;max-width:2560px;\" \/>\t\t\t\t<div class=\"eihe-caption\">\n\t\t\t\t\t<div class=\"eihe-title-cover\">\n\t\t\t\t\t\t\t\t\t\t\t\t<h3 class=\"eihe-title\">SOUND TRUCK<\/h3>\n\t\t\t\t\t\t\t\t\t\t\t<\/div>\n\t\t\t\t\t<p>ENREGISTREMENT GUITARE<\/p>\n\t\t\t\t<\/div>\n\t\t\t<\/div>\n\t\t\t\t\t\t<\/div>\n\t\t\t\t<\/div>\n\t\t\t\t\t<\/div>\n\t\t<\/div>\n\t\t\t\t\t<\/div>\n\t\t<\/section>\n\t\t\t\t<\/div>\n\t\t","protected":false},"excerpt":{"rendered":"<p>LE SOUND TRUCK Enregistrement, soutien \u00e0 un artiste ou groupe. SOUND TRUCK CONSTRUCTION SOUND TRUCK ENREGISTREMENT VOIX Le\u00a0sound truck a pour but de venir en soutien \u00e0 un artiste ou groupe. Il ambitionne de cr\u00e9er un album, EP ou maquette qui viendra accompagner l\u2019artiste dans sa d\u00e9marche de cr\u00e9ation.\u00a0 En me posant les r\u00e9flexions suivantes&hellip; <a class=\"more-link\" href=\"https:\/\/studiophantom.fr\/?page_id=3529\">Poursuivre la lecture <span class=\"screen-reader-text\">LE SOUND TRUCK<\/span><\/a><\/p>\n","protected":false},"author":1,"featured_media":0,"parent":0,"menu_order":0,"comment_status":"closed","ping_status":"closed","template":"elementor_header_footer","meta":{"footnotes":""},"class_list":["post-3529","page","type-page","status-publish","hentry","entry"],"_links":{"self":[{"href":"https:\/\/studiophantom.fr\/index.php?rest_route=\/wp\/v2\/pages\/3529","targetHints":{"allow":["GET"]}}],"collection":[{"href":"https:\/\/studiophantom.fr\/index.php?rest_route=\/wp\/v2\/pages"}],"about":[{"href":"https:\/\/studiophantom.fr\/index.php?rest_route=\/wp\/v2\/types\/page"}],"author":[{"embeddable":true,"href":"https:\/\/studiophantom.fr\/index.php?rest_route=\/wp\/v2\/users\/1"}],"replies":[{"embeddable":true,"href":"https:\/\/studiophantom.fr\/index.php?rest_route=%2Fwp%2Fv2%2Fcomments&post=3529"}],"version-history":[{"count":28,"href":"https:\/\/studiophantom.fr\/index.php?rest_route=\/wp\/v2\/pages\/3529\/revisions"}],"predecessor-version":[{"id":3639,"href":"https:\/\/studiophantom.fr\/index.php?rest_route=\/wp\/v2\/pages\/3529\/revisions\/3639"}],"wp:attachment":[{"href":"https:\/\/studiophantom.fr\/index.php?rest_route=%2Fwp%2Fv2%2Fmedia&parent=3529"}],"curies":[{"name":"wp","href":"https:\/\/api.w.org\/{rel}","templated":true}]}}